ivisor of 16 and r?
16
Suppose -2*t + 36175 = -30*q + 25*q, t = -3*q + 18071. Calculate the highest common divisor of t and 160.
160
Suppose 0 = -2*b - 3*l + 487, b - 145 - 116 = -5*l. Suppose 54*c + 15100 = 18286. What is the greatest common divisor of c and b?
59
Let z be 51/2 + (-2)/(-4). Suppose -5*a = 3*g - 513, -z*a - 173 = -g - 27*a. Calculate the highest common divisor of g and 64.
16
Suppose 5*p = 2*y - 783 - 778, -5*p - y = 1567. Let h = -109 - p. Suppose -684 = -6*q + h. Calculate the highest common factor of q and 37.
37
Let r = -111 + 111. Let x be (1128/(-47))/(-1 + 0 + r). Calculate the highest common factor of 40 and x.
8
Let g = 18992 + -16557. Calculate the greatest common divisor of 5 and g.
5
Let m = 187 + -297. Let q = m + 222. What is the highest common divisor of 84 and q?
28
Let p = -7124 + 7135. Calculate the greatest common factor of 12133 and p.
11
Let u be -6 + 1 - -1*2 - -344. Let f = u - 306. What is the greatest common divisor of 840 and f?
35
Let w be (-3)/10 - (-21793)/310. What is the highest common factor of 1414 and w?
14
Let x = -4470 + 4540. Calculate the highest common divisor of 49 and x.
7
Let c(m) = 562*m - 2988. Let o be c(7). Calculate the greatest common factor of o and 220.
22
Let l = 743 + -714. Suppose 3165 = -l*z + 8820. What is the highest common divisor of z and 117?
39
Suppose 0 = -3*p + 3*x + 156, 0*p + 207 = 4*p - 5*x. Let r be (p - 7)*(-1)/2. Let w = r - -33. Calculate the highest common divisor of 70 and w.
10
Let f(d) be the first derivative of d**3/3 - 5*d**2 + 27*d + 24. Let b be f(9). Calculate the highest common divisor of b and 6.
6
Let d be (-22 + 1094)*1/2. Let o = d - 519. What is the highest common factor of 68 and o?
17
Let p be 1947/3 + (-2)/((-153)/(-18) + -8). Calculate the greatest common divisor of p and 10105.
215
Let i = -2462 + 2512. Calculate the highest common factor of 190 and i.
10
Let k(g) = g**2 + 32*g + 267. Let p be k(-13). Calculate the highest common divisor of 1590 and p.
10
Let l = 1243 + -774. What is the greatest common factor of l and 7?
7
Suppose 2*h + 268 = -122. Let m = h + 287. Calculate the greatest common divisor of m and 69.
23
Suppose 5*a = 2*g + 2*g + 21, 0 = -a + 3*g + 2. Suppose 17 = -a*b + 157. Let u be (-153)/(-72) + 5/(-40) + 2. Calculate the highest common factor of u and b.
4
Suppose -5*n - 3*b + 272 = 0, 4*n - 2*n + 2*b = 112. Let x be n/(-286) + 1524/33. Calculate the greatest common factor of x and 230.
46
Suppose 0 = 4*m - 7*m + 30. Let d be m - (-4 + 1 + 1). Let o be (d + -5)/((-2)/(-42)). Calculate the greatest common factor of 21 and o.
21
Let q(z) = -10*z - 5. Let h be q(-9). Let p be (-24232)/(-130) - 15/(-25). What is the highest common divisor of p and h?
17
Let s = 45 - 67. Let p be s/(-10) - (-6)/(-30). Let z be (-228)/(-10) + (72/10)/(-9). Calculate the greatest common factor of z and p.
2
Let j = -9 - -19. Suppose 31 = 2*p - k, -4*p + 2*k = -2*k - 56. Suppose 4*q + p = 25. What is the highest common divisor of q and j?
2
Suppose 13*x = -4*x + 272. Suppose -x*z = -7*z - 432. Calculate the greatest common factor of z and 112.
16
Suppose 0 = s - 4*v - 45, 3*v = 2*s - v - 70. Let h = -36 - -32. Let b be 9 - (12/h + 7). Calculate the greatest common factor of b and s.
5
Suppose 0 = 5*s + 125*z - 120*z - 1540, -5*s - 3*z + 1524 = 0. Let o(x) = -x**2 - x + 75. Let g be o(0). Calculate the greatest common divisor of s and g.
75
Let a = -9278 + 9291. Let q be 1 + -1 + 78/2. Calculate the greatest common divisor of a and q.
13
Let l = -5 + 11. Let j be 5 - ((-2)/(-1) - 1). Suppose 2*d - l = -j. Calculate the highest common divisor of d and 4.
1
Suppose -13*z - 5*z = -11*z - 51688. Calculate the greatest common factor of 8 and z.
8
Let j(t) be the second derivative of -t**5/4 + t**4/3 - t**3/6 - 4*t**2 + 13*t - 1. Let d be j(-2). Calculate the highest common divisor of 20 and d.
10
Let m be 9/3 - (-2)/((-10)/(-15)). Suppose 3*y - m = 3. Suppose y*w + 32 = 4*w. What is the greatest common divisor of w and 4?
4
Let x(d) = -12*d**2 - 120*d + 25. Let f be x(-9). What is the greatest common divisor of 1159 and f?
19
Let o be ((-65)/(-4))/(1/4). Let g be 123/82*(-354)/(-9). Let r = o - g. Calculate the greatest common divisor of 42 and r.
6
Suppose 3*x + 21 = 3*z, -3*x - z = 25 - 4. Let c = x - -10. Suppose -c*h - 4*a = -41, 5*h - 2*a - 27 = 24. What is the highest common factor of h and 11?
11
Let n(o) = 2*o - 25. Let g be n(-11). Let s = g + 88. Suppose 4*f - 30 = 2*q, -s = -5*f + 4*q - 5*q. Calculate the greatest common factor of 24 and f.
8
Let f be (-1164)/60 - -20 - (3194/5)/(-2). What is the greatest common divisor of 1720 and f?
40
Let b be 214 - 36/(-20)*70/(-63)*3. What is the greatest common factor of b and 6812?
52
Suppose -20*t + 25272 = 84*t. Calculate the greatest common divisor of 144 and t.
9
Let y be -1 - (1/1)/(8/(-16)). Let g(v) = 3 - 86*v - 6 + 80*v. Let d be g(-2). Calculate the highest common divisor of d and y.
1
Let v = -297 - -190. Let k = 174 + v. Calculate the highest common factor of 67 and k.
67
Suppose 13*i + 0*i - 1430 = -143. What is the greatest common divisor of i and 308?
11
Let r be (80/(-64))/((-3)/24) + -6 + 242. Calculate the greatest common divisor of 2788 and r.
82
Let m(b) = -5*b + 50. Let g be m(-5). Let h = 87 - g. Suppose d + 2*d = 18. Calculate the highest common divisor of h and d.
6
Suppose -5*l + 2*j = -20, 0 = -4*l + 6*l - 5*j - 29. Let p(n) = n - 8. Let u be p(3). Let t be 1*(13 + (-5)/u). What is the greatest common factor of t and l?
2
Let q(z) = 7*z**2 - 36*z. Let w(i) = 3*i + 36. Let b be w(-10). Let m be q(b). What is the highest common divisor of 4 and m?
4
Let y(r) = -4*r - 63. Let v(i) = -4. Let n(w) = v(w) - y(w). Let h be n(10). Calculate the highest common divisor of 63 and h.
9
Let k be -4 - ((-7)/((-70)/785))/(20/(-40)). Let x = 40 + 45. Calculate the greatest common divisor of x and k.
17
Let q(d) = -d**3 + 4*d**2 + 3*d + 6. Suppose 42 = 12*t + 2*t. Let u be q(t). What is the highest common factor of u and 3?
3
Let d(p) = 11*p - 18 + 59 + 4 - 17 + 1. Let g be d(-2). Calculate the highest common divisor of g and 1.
1
Let k be (54 - -1)*((-516)/(-30) + -16). What is the greatest common factor of 3608 and k?
22
Suppose 269456 = 12*i - 4*x, 2033*x + 89836 = 4*i + 2036*x. Calculate the highest common factor of 56 and i.
56
Let g = 101 - 79. Suppose g = -f - 8. Let w(a) = -a**3 - 29*a**2 + 31*a + 32. Let r be w(f). Calculate the highest common divisor of 18 and r.
2
Suppose 0*b + 9 = 3*b. Let m(o) be the first derivative of o**4/4 - 16*o**3/3 + o**2 - 17*o - 10. Let l be m(16). What is the greatest common factor of l and b?
3
Suppose -38*f + 10084 + 11960 = -30928. Calculate the highest common divisor of 41 and f.
41
Let g(s) = s**3 - 7*s**2 - 7*s + 18. Let f be g(8). What is the highest common divisor of f and 16?
2
Suppose 5*p = 45*b - 41*b + 121, -5*b - 20 = -p. Let r be 6*(-2 - 9/(-6)). Let l(n) = -7*n + 4. Let u be l(r). What is the greatest common factor of p and u?
25
Let t be (-5856)/(-90) + ((-6)/(-45))/(-2). What is the highest common divisor of 117 and t?
13
Suppose 4*f + 4*x - 4206 = -3270, 0 = -x + 2. Let w = -19 - -48. What is the greatest common factor of f and w?
29
Let k = 6388 + -5329. Calculate the greatest common divisor of 3 and k.
3
Let y = 81 + -75. Suppose -110 = -8*t + y*t. What is the highest common factor of 22 and t?
11
Suppose 5*w = -f - 6, 0 = f + w - 5 - 1. Let o be 42/f - (-1)/3. Let m = -3950 - -3965. Calculate the highest common divisor of o and m.
5
Let g = -882 - -880. Let q be g + 6 - (-10 - (-2 + -3)). Suppose -18 = -3*f - 0*f + 3*l, -3*f = -4*l - 21. What is the greatest common divisor of f and q?
3
Suppose 3*d - 2*y - 523 = 0, 20 = d + 4*y - 145. Let q = d + -157. Suppose 26 = 4*t - 38. Calculate the highest common factor of t and q.
16
Let y(w) = 104*w - 2. Let a be y(-1). Let u = a - -118. Calculate the greatest common divisor of 42 and u.
6
Let m(y) be the third derivative of 1/60*y**5 - 5*y**2 - 13/6*y**3 + 0*y + 0 + 1/3*y**4. Let o be m(3). What is the highest common factor of o and 20?
20
Let p(k) = -2*k**3 - 10*k**2 + 47*k + 39. Let l be p(-10). Let n = 584 - l. Calculate the highest common divisor of 165 and n.
15
Let t = 6 + 50. 